{"id":218,"date":"2017-08-15T10:49:58","date_gmt":"2017-08-15T08:49:58","guid":{"rendered":"http:\/\/193.196.175.152\/wp2\/?page_id=218"},"modified":"2022-03-13T07:57:33","modified_gmt":"2022-03-13T06:57:33","slug":"impressum","status":"publish","type":"page","link":"https:\/\/www.hahnemannia.de\/index.php\/impressum\/","title":{"rendered":"Impressum \/ Datenschutzerkl\u00e4rung"},"content":{"rendered":"<div id=\"pl-218\"  class=\"panel-layout\" ><div id=\"pg-218-0\"  class=\"panel-grid panel-no-style\" ><div id=\"pgc-218-0-0\"  class=\"panel-grid-cell\" ><div id=\"panel-218-0-0-0\" class=\"so-panel widget widget_sow-headline panel-first-child panel-last-child\" data-index=\"0\" ><div class=\"so-widget-sow-headline so-widget-sow-headline-default-133a6869bf40-218\"><div class=\"sow-headline-container \">\n\t\t\t\t\t\t<div class=\"decoration\">\n\t\t\t\t\t\t<div class=\"decoration-inside\"><\/div>\n\t\t\t\t\t<\/div>\n\t\t\t\t\t<h3 class='sow-sub-headline'>Verantwortlich f\u00fcr den Inhalt:<\/h3><\/div><\/div><\/div><\/div><\/div><div id=\"pg-218-1\"  class=\"panel-grid panel-no-style\" ><div id=\"pgc-218-1-0\"  class=\"panel-grid-cell\" ><div id=\"panel-218-1-0-0\" class=\"so-panel widget widget_sow-editor panel-first-child panel-last-child\" data-index=\"1\" ><div class=\"panel-widget-style panel-widget-style-for-218-1-0-0\" ><div class=\"so-widget-sow-editor so-widget-sow-editor-base\">\n<div class=\"siteorigin-widget-tinymce textwidget\">\n\t<p><span style=\"font-family: arial,helvetica,sans-serif; font-size: small;\"><span style=\"font-family: helvetica,arial,sans-serif; font-size: 16px;\">Pr\u00e4sident:<\/span><br \/>\n<span style=\"font-family: helvetica,arial,sans-serif; font-size: 16px;\"> Mario Hopp<\/span><br \/>\n<span style=\"font-family: helvetica,arial,sans-serif; font-size: 16px;\"> Demminger Str. 20<\/span><br \/>\n<span style=\"font-family: helvetica,arial,sans-serif; font-size: 16px;\"> 89561 Dischingen - Eglingen<\/span><br \/>\n<span style=\"font-family: helvetica,arial,sans-serif; font-size: 16px;\"> Tel. (0 73 27) 27 89 86<\/span><br \/>\n<span style=\"font-family: helvetica,arial,sans-serif; font-size: 16px;\">E-Mail: mario.hopp@hahnemannia.de<\/span><\/span><\/p>\n<p>&nbsp;<\/p>\n<p><span style=\"font-size: 20px;\">Satzung der HAHNEMANNIA<\/span><\/p>\n<p><a href=\"http:\/\/www.hahnemannia.de\/wp-content\/uploads\/2022\/03\/Satzung-Neu-2016.pdf\">Satzung Neu 2016<\/a><\/p>\n<p>&nbsp;<\/p>\n<p><span style=\"font-family: helvetica, arial, sans-serif;\">&nbsp;<\/span><\/p>\n<\/div>\n<\/div><\/div><\/div><\/div><div id=\"pgc-218-1-1\"  class=\"panel-grid-cell panel-grid-cell-mobile-last\" ><div id=\"panel-218-1-1-0\" class=\"so-panel widget widget_sow-editor panel-first-child panel-last-child\" data-index=\"2\" ><div class=\"panel-widget-style panel-widget-style-for-218-1-1-0\" ><div class=\"so-widget-sow-editor so-widget-sow-editor-base\">\n<div class=\"siteorigin-widget-tinymce textwidget\">\n\t<p><span style=\"font-family: helvetica, arial, sans-serif; font-size: 16px; color: #333333;\">Stellv. Pr\u00e4sident:<\/span><\/p>\n<p><span style=\"font-size: 16px; font-family: helvetica, arial, sans-serif; color: #333333;\">Rolf Hinderer<\/span><\/p>\n<p><span style=\"color: #333333; font-family: helvetica; font-size: 16px;\">Ermsstr. 14\/1<\/span><br \/>\n<span style=\"color: #333333; font-family: helvetica; font-size: 16px;\">72555 Metzingen<\/span><br \/>\n<span style=\"font-size: 16px; font-family: helvetica, arial, sans-serif; color: #333333;\">Tel. (0 7123) 6880<\/span><br \/>\n<span style=\"font-size: 16px; font-family: helvetica, arial, sans-serif; color: #333333;\">E-Mail: praxisrolfhinderer@web.de<\/span><\/p>\n<p><span style=\"font-family: helvetica,arial,sans-serif; font-size: 16px;\">&nbsp;<\/span><\/p>\n<\/div>\n<\/div><\/div><\/div><\/div><div id=\"pgc-218-1-2\"  class=\"panel-grid-cell panel-grid-cell-empty\" ><\/div><\/div><div id=\"pg-218-2\"  class=\"panel-grid panel-no-style\" ><div id=\"pgc-218-2-0\"  class=\"panel-grid-cell\" ><div id=\"panel-218-2-0-0\" class=\"so-panel widget widget_sow-editor panel-first-child\" data-index=\"3\" ><div class=\"panel-widget-style panel-widget-style-for-218-2-0-0\" ><div class=\"so-widget-sow-editor so-widget-sow-editor-base\">\n<div class=\"siteorigin-widget-tinymce textwidget\">\n\t<p><span class=\"xr_s5\"><span class=\"xr_tl xr_s6\">Verantwortlich f\u00fcr den Inhalt der Homepage: <\/span><\/span><span class=\"xr_s5\"><span class=\"xr_tl xr_s6\">Mario Hopp<\/span> <\/span><\/p>\n<p>Eintragung Amtsgericht Stuttgart im Vereinsregister 525<\/p>\n<p><span class=\"xr_s5\"><span class=\"xr_tl xr_s6\">Ich weise darauf hin, dass sich diese Homepage und s\u00e4mtliche Informationen auf dieser Homepage nach deutschem <\/span> <span class=\"xr_tl xr_s6\">Recht richtet. Jeder Benutzer, welcher \u00fcber diesen Disclaimer hinweggeht, um auf meine einzelnen Seiten Zugriff zu <\/span> <span class=\"xr_tl xr_s6\">nehmen, erkennt mit dem Weiterbl\u00e4ttern der Seite an, dass sich die Beziehung zwischen ihm und mir ausschlie\u00dflich <\/span> <span class=\"xr_tl xr_s6\">nach deutschem Recht richtet.<\/span> <span class=\"xr_tl xr_s6\">Vorsorglich weise ich darauf hin, dass die von mir abgegebenen Informationen auf der Homepage nicht genutzt <\/span> <span class=\"xr_tl xr_s6\">werden k\u00f6nnen, um Krankheiten oder Leiden selbst zu erkennen und therapieren. <\/span><span class=\"xr_tl xr_s6\">F\u00fcr die Vollst\u00e4ndigkeit oder Richtigkeit der Informationen <\/span> <span class=\"xr_tl xr_s6\">auf dieser Homepage kann ich keine Garantie \u00fcbernehmen.<\/span> <span class=\"xr_tl xr_s6\">Ich kann nicht ausschlie\u00dfen, dass meine Internetseiten auch Informationen durch Dritte aufweisen. F\u00fcr diese <\/span> <span class=\"xr_tl xr_s6\">Informationen kann ich keine Haftung \u00fcbernehmen.<\/span> <span class=\"xr_tl xr_s6\">S\u00e4mtliche Texte und Grafiken auf meiner Homepage sind urheberrechtlich oder durch sonstige Schutzrechte <\/span> <span class=\"xr_tl xr_s6\">gesch\u00fctzt. Der Gebrauch oder die Vervielf\u00e4ltigung dieser Grafiken und Texte ist ohne die vorherige schriftliche <\/span> <span class=\"xr_tl xr_s6\">Genehmigung durch mich nicht gestattet. Insbesondere werde ich es nicht gestatten, dass Produktbezeichnungen, <\/span> <span class=\"xr_tl xr_s6\">welche grunds\u00e4tzlich Markenschutz genie\u00dfen, von Dritten gebraucht werden.<\/span> <span class=\"xr_tl xr_s6\">Eine Haftung aus dem Inhalt der Internetseiten ergibt sich nicht.<\/span><\/span><\/p>\n<p><span style=\"font-size: 16px;\"><strong><span style=\"font-family: helvetica,arial,sans-serif;\">F\u00fcr die Inhalte der \u00fcber die Links zu erreichenden Homepages ist die Hahnemannia nicht verantwortlich.<\/span><\/strong><\/span><\/p>\n<p>\u00a0<\/p>\n<\/div>\n<\/div><\/div><\/div><div id=\"panel-218-2-0-1\" class=\"so-panel widget widget_sow-editor panel-last-child\" data-index=\"4\" ><div class=\"so-widget-sow-editor so-widget-sow-editor-base\">\n<div class=\"siteorigin-widget-tinymce textwidget\">\n\t<p>Datenschutzerkl\u00e4rung<\/p>\n<p>Hahnemannia e.V. verpflichtet sich, Ihre Privatsph\u00e4re zu sch\u00fctzen und verwendet hierf\u00fcr Technologien, die Ihnen zugleich leistungsf\u00e4hige und sichere Online-Nutzung erm\u00f6glichen. Diese Datenschutzerkl\u00e4rung geh\u00f6rt zu der Webseite \"hahnemannia.de\" und regelt das Erheben und Nutzen Ihrer pers\u00f6nlichen Daten. Bei Nutzung der Webseite \"hahnemannia.de\" willigen Sie in die hier beschriebenen Verfahrensweisen ein.<\/p>\n<p>Sammlung Ihrer pers\u00f6nlichen Informationen<\/p>\n<p>Hahnemannia e.V. speichert pers\u00f6nliche Daten wie E-Mail-Adresse, Name, Anschrift und Telefonnummer. Hahnemannia e.V. speichert auch anonyme demografische Informationen, die Ihnen nicht eindeutig zuzuordnen sind, wie Postleitzahl, Alter, Geschlecht und Favoriten.<\/p>\n<p>Einige Angaben \u00fcber Ihre Computerhardware und Software wird automatisch von Hahnemannia e.V. gesammelt, dazu geh\u00f6ren Ihre IP-Adresse, der Typ Ihres Browsers, Ihr Domain-Name, die Zugriffszeit und aufgerufene Seiten. Diese Informationen werden von Hahnemannia e.V. benutzt, um die Servicequalit\u00e4t zu halten und um allgemeine Statistiken bez\u00fcglich Hahnemannia e.V. zu erstellen.<\/p>\n<p>Bitte beachten Sie, dass pers\u00f6nliche Informationen, die sie in \u00f6ffentlich zug\u00e4nglichen Bereichen, wie G\u00e4stebuch etc. ver\u00f6ffentlichen, von anderen Benutzern missbraucht werden k\u00f6nnen.<\/p>\n<p>Hinweis: Hahnemannia e.V. liest keinesfalls Ihre private Online-Kommunikation. Hahnemannia e.V. fordert Sie dazu auf, die Datenschutzerkl\u00e4rung der Webseiten, auf die sie von Hahnemannia e.V. verlinkt werden, zu \u00fcberpr\u00fcfen, so dass Sie wissen, wie diese Web-Sites Ihre Informationen speichern und verwenden. Hahnemannia e.V. ist nicht f\u00fcr die Datenschutzerkl\u00e4rung anderer Webseiten au\u00dferhalb von Hahnemannia e.V. verantwortlich.<\/p>\n<p>Verwendung Ihrer pers\u00f6nlichen Informationen<\/p>\n<p>Hahnemannia e.V. speichert und verwendet Ihre pers\u00f6nlichen Informationen, um die Website \"hahnemannia.de\" zu betreiben und den gew\u00fcnschten Service anzubieten. Hahnemannia e.V. verwendet Ihre Informationen auch, um Sie \u00fcber neue Produkte und Leistungen von Hahnemannia e.V. zu informieren. Hahnemannia e.V. kann Sie auch zwecks Durchf\u00fchrung einer Marktforschung \u00fcber Ihre Meinung nach Angeboten und neue m\u00f6glichen Erweiterungen befragen.<\/p>\n<p>Hahnemannia e.V. wird ihre Mitgliederliste an Dritte weder verkaufen noch vermieten. Hahnemannia e.V. kann Sie gelegentlich im Namen anderer Gesch\u00e4ftspartner \u00fcber ein spezielles Angebot informieren, das Sie vielleicht interessieren k\u00f6nnte. In diesem Fall werden Ihre pers\u00f6nlichen Angaben wie E-Mail, Name, Adresse oder Telefonnummer aber keinesfalls an einen Dritten weitergereicht.<\/p>\n<p>Zus\u00e4tzlich kann Hahnemannia e.V. anonyme Daten mit Partnern teilen, um statistische Analysen durchzuf\u00fchren. Allen diesen Parteien ist es verboten, Ihre pers\u00f6nlichen Angaben zu verwenden, sofern sie nicht f\u00fcr das Angebot von Hahnemannia e.V. benutzt werden. Dies sehen wir als erforderlich, um Ihr pers\u00f6nliches Vertrauen aufrecht zu erhalten.<\/p>\n<p>Hahnemannia e.V. offenbart keine sensiblen pers\u00f6nlichen Informationen wie Rasse, Religion oder politische Einstellung. Hahnemannia e.V. verfolgt die Spuren Ihres Besuchs innerhalb der Webseiten auf hahnemannia.de, um die Nutzungsfrequenz der Angebote festzustellen. Diese Daten k\u00f6nnen verwendet werden, um den Besuchern individuell angepasste Inhalt zu liefern. Dies gilt f\u00fcr Besucher, die ein spezifisches Interesse angeben.<\/p>\n<p>Herausgabe pers\u00f6nlicher Daten<\/p>\n<p>Bei Vorlage einer richterlichen Anordnung wird Hahnemannia e.V. Ihre pers\u00f6nliche Information an die Strafverfolgungsbeh\u00f6rden weitergeben, ohne Sie davon zu informieren. Wir behalten uns auch vor, Ihre pers\u00f6nlichen Daten f\u00fcr gerichtliche Auseinandersetzungen einzusetzen, falls wir uns dazu gezwungen sehen.<\/p>\n<p>Verwendung von Cookies<\/p>\n<p>Die Website Hahnemannia e.V. verwendet Cookies, um die Nutzung zu erleichtern. Ein Cookie ist eine Textdatei, die vom Server auf Ihrer Festplatte gespeichert wird. Cookies k\u00f6nnen nicht dazu verwendet werden, Programme zu auszuf\u00fchren oder einen Virus zu verbreiten. Cookies sind Ihnen pers\u00f6nlich zugeschrieben und k\u00f6nnen nur von einem Web Server in der Domain gelesen werden, die sie selbst erstellt haben. Einer der Hauptgr\u00fcnde f\u00fcr die Verwendung von Cookies ist es, Ihnen eine komfortable Nutzung zu erm\u00f6glichen und Zeit zu sparen. Aufgabe eines Cookies ist es, dem Web-Server zu melden, dass Sie zu einer bestimmten Seite zur\u00fcckgekehrt sind. Dies gilt zum Beispiel, wenn Sie sich auf Hahnemannia e.V. registrieren. Das Online-Cookie hilft Hahnemannia e.V., spezifische Informationen bei zuk\u00fcnftigen Besuchen wieder zu verwenden.<\/p>\n<p>Wenn Sie zu derselben Webseite Hahnemannia e.V. zur\u00fcckkehren, sind Ihre Informationen wieder griffbereit und verf\u00fcgbar. So k\u00f6nnen die Eigenschaften von Hahnemannia e.V. den Kundenw\u00fcnschen angepasst werden. Sie haben die M\u00f6glichkeit, Cookies zu akzeptieren oder zu abzulehnen. Die meisten Web-Browser akzeptieren Cookies automatisch, aber sie k\u00f6nnen Ihren Browser so einstellen, dass er nur die Cookies der von Ihnen bevorzugten Web-Sites speichert. Falls Sie sich dazu entscheiden, Cookies zu abzulehnen, dann kann es vorkommen, dass Ihnen die Nutzung interaktiver Angebote von Hahnemannia e.V. nicht m\u00f6glich ist.<\/p>\n<p>Social Media Plug-ins<br \/> Facebook<br \/> Die Internetseite des Vereins verwendet Komponenten des Unternehmens Facebook. Dies ist ein soziales Netzwerk.<br \/> Ein soziales Netzwerk ist ein im Internet betriebener sozialer Treffpunkt, eine online-Gemeinschaft, die es den Nutzern in der Regel erm\u00f6glicht, untereinander zu kommunizieren und im virtuellen Raum zu interagieren. Ein soziales Netzwerk kann als Plattform zum Austausch von Meinungen und Erfahrungen dienen oder erm\u00f6glicht es der Internet Gemeinschaft, pers\u00f6nliche oder unternehmensbezogene Informationen bereitzustellen. Facebook erm\u00f6glicht den Nutzern des sozialen Netzwerkes unter anderem die Erstellung von privaten Profilen, den Upload von Fotos und eine Vernetzung \u00fcber Freundschaftsanfragen.<br \/> Betreibergesellschaft von Facebook ist die Facebook Inc.Hacker Way, Menlo Park, CA 94025, USA. F\u00fcr die Verarbeitung personenbezogener Daten Verantwortlicher ist, wenn eine betroffene Person au\u00dferhalb der USA oder Kanada lebt, die Facebook Ireland Ltd., 4 Grand Canal Square, Grand Canal Harbour, Dublin 2 Ireland.<br \/> Durch jeden Aufruf einer der Einzelseiten dieser Internetseite, die durch den f\u00fcr die Verarbeitung Verantwortlichen betrieben wird und auf welcher eine Facebook Komponente (Facebook-Plug-In) integriert wurde, wird der Internetbrowser auf dem informationstechnologischen System der betroffenen Person automatisch durch die jeweilige Facebook-Komponente veranlasst, eine Darstellung der entsprechenden Facebook-Komponente von Facebook herunterzuladen. Eine Gesamt\u00fcbersicht \u00fcber alle Facebook-Plug-Ins kann unter https:\/\/developers.facebook.com\/docs\/plugins\/?locale=de_DE abgerufen werden. Im Rahmen dieses technischen Verfahrens erh\u00e4lt Facebook Kenntnis dar\u00fcber, welche konkrete Unterseite unserer Internetseite durch die betroffene Person besucht wird.<br \/> Sofern die betroffene Person gleichzeitig bei Facebook eingeloggt ist, erkennt Facebook mit jedem Aufruf unserer Internetseite durch die betroffene Person und w\u00e4hrend der gesamten Dauer des jeweiligen Aufenthaltes auf unserer Internetseite, welche konkrete Unterseite unserer Internetseite die betroffene Person besucht. Diese Informationen werden durch die Facebook-Komponente gesammelt und durch Facebook dem jeweiligen Facebook-Account der betroffenen Person zugeordnet. Bet\u00e4tigt die betroffene Person einen der auf unserer Internetseite integrierten Facebook-Buttons, beispielsweise den \u201eGef\u00e4llt mir\"-Button, oder gibt die betroffene Person einen Kommentar ab, ordnet Facebook diese Information dem pers\u00f6nlichen Facebook-Benutzerkonto der betroffenen Person zu und speichert diese personenbezogenen Daten.<br \/> Facebook erh\u00e4lt \u00fcber die Facebook-Komponente immer dann eine Information dar\u00fcber, dass die betroffene Person unsere Internetseite besucht hat, wenn die betroffene Person zum Zeitpunkt des Aufrufs unserer Internetseite gleichzeitig bei Facebook eingeloggt ist; dies findet unabh\u00e4ngig davon statt, ob die betroffene Person die Facebook-Komponente anklickt oder nicht. Ist eine derartige \u00dcbermittlung dieser Informationen an Facebook von der betroffenen Person nicht gewollt, kann diese die \u00dcbermittlung dadurch verhindern, dass sie sich vor einem Aufruf unserer Internetseite aus ihrem Facebook-Account ausloggt.<br \/> Die von Facebook ver\u00f6ffentlichte Datenrichtlinie, die unter https:\/\/de-de.facebook.com\/about\/privacy\/ abrufbar ist, gibt Aufschluss \u00fcber die Erhebung, Verarbeitung und Nutzung personenbezogener Daten durch Facebook. Ferner wird dort erl\u00e4utert, welche Einstellungsm\u00f6glichkeiten Facebook zum Schutz der Privatsph\u00e4re der betroffenen Person bietet. Zudem sind unterschiedliche Applikationen erh\u00e4ltlich, die es erm\u00f6glichen, eine Daten\u00fcbermittlung an Facebook zu unterdr\u00fccken, beispielsweise der Facebook-Blocker des Anbieters Webgraph, der unter http:\/\/webgraph.com\/resources\/facebookblocker\/ beschafft werden kann. Solche Applikationen k\u00f6nnen durch die betroffene Person genutzt werden, um eine<br \/> Daten\u00fcbermittlung an Facebook zu unterdr\u00fccken.<\/p>\n<p>Sicherheit Ihrer pers\u00f6nlichen Informationen<\/p>\n<p>Hahnemannia e.V. sch\u00fctzt Ihre pers\u00f6nlichen Informationen von unerlaubten Zugriff, Verwendung oder Ver\u00f6ffentlichung. Hahnemannia e.V. verwahrt hierf\u00fcr ihre pers\u00f6nlichen Informationen, die Sie auf dem Server speichern, in einer kontrollierten sicheren Umgebung, in der unerlaubter Zugriff und Ver\u00f6ffentlichung verhindert werden.<\/p>\n<p>Auskunftsrecht<\/p>\n<p>Sie haben das jederzeitige Recht, sich unentgeltlich und unverz\u00fcglich \u00fcber die zu Ihrer Person erhobenen Daten zu erkundigen. Sie haben das jederzeitige Recht, Ihre Zustimmung zur Verwendung Ihrer angegeben pers\u00f6nlichen Daten mit Wirkung f\u00fcr die Zukunft zu widerrufen. Zur Auskunftserteilung wenden Sie sich bitte an den Anbieter unter den Kontaktdaten im Impressum.<\/p>\n<p>\u00c4nderungen dieser Erkl\u00e4rung<\/p>\n<p>Hahnemannia e.V. beh\u00e4lt sich das Recht vor, diese Erkl\u00e4rung bei Bedarf zu aktualisieren, um sie an Mitglieder-Feedback, rechtliche und gesellschaftliche Ver\u00e4nderungen anzupassen. Hahnemannia e.V. wird Sie \u00fcber diese \u00c4nderungen auf der Web-Site oder per e-Mail informieren. Die \u00c4nderungen werden g\u00fcltig, wenn Sie nicht binnen vier Wochen schriftlich bei Hahnemannia e.V. widersprechen.<\/p>\n<p>Kontakt<\/p>\n<p>Hahnemannia e.V. freut sich \u00fcber alle R\u00fcckmeldungen, die diese Datenschutzerkl\u00e4rung betreffen. Falls Sie Fragen und Anregungen haben, wenden Sie sich bitte an den Pr\u00e4sidenten Mario Hopp, <a href=\"mailto:mario.hopp@hahnemannia.de\">mario.hopp@hahnemannia.de<\/a>, oder an die Gesch\u00e4ftsstellenleiterin, Sonja Zeyer-Hopp, <a href=\"mailto:info@hahnemannia.de\">info@hahnemannia.de<\/a>. Wir werden uns schnellstm\u00f6glich mit Ihnen in Verbindung setzten. Adresse und Telefonnummer f\u00fcr schriftliche oder pers\u00f6nliche Kontaktaufnahme finden Sie im Impressum der Web-Site.<\/p>\n<p>Hahnemannia e.V.<\/p>\n<\/div>\n<\/div><\/div><\/div><\/div><\/div>","protected":false},"excerpt":{"rendered":"<p>Pr\u00e4sident: Mario Hopp Demminger Str. 20 89561 Dischingen &#8211; Eglingen Tel. (0 73 27) 27 89 86 E-Mail: mario.hopp@hahnemannia.de &nbsp; Satzung der HAHNEMANNIA Satzung Neu 2016 &nbsp; &nbsp; Stellv. Pr\u00e4sident: Rolf Hinderer Ermsstr. 14\/1 72555 Metzingen Tel. (0 7123) 6880<\/p>\n","protected":false},"author":1,"featured_media":0,"parent":0,"menu_order":0,"comment_status":"closed","ping_status":"closed","template":"","meta":{"ngg_post_thumbnail":0,"footnotes":""},"class_list":["post-218","page","type-page","status-publish","hentry"],"_links":{"self":[{"href":"https:\/\/www.hahnemannia.de\/index.php\/wp-json\/wp\/v2\/pages\/218","targetHints":{"allow":["GET"]}}],"collection":[{"href":"https:\/\/www.hahnemannia.de\/index.php\/wp-json\/wp\/v2\/pages"}],"about":[{"href":"https:\/\/www.hahnemannia.de\/index.php\/wp-json\/wp\/v2\/types\/page"}],"author":[{"embeddable":true,"href":"https:\/\/www.hahnemannia.de\/index.php\/wp-json\/wp\/v2\/users\/1"}],"replies":[{"embeddable":true,"href":"https:\/\/www.hahnemannia.de\/index.php\/wp-json\/wp\/v2\/comments?post=218"}],"version-history":[{"count":35,"href":"https:\/\/www.hahnemannia.de\/index.php\/wp-json\/wp\/v2\/pages\/218\/revisions"}],"predecessor-version":[{"id":2848,"href":"https:\/\/www.hahnemannia.de\/index.php\/wp-json\/wp\/v2\/pages\/218\/revisions\/2848"}],"wp:attachment":[{"href":"https:\/\/www.hahnemannia.de\/index.php\/wp-json\/wp\/v2\/media?parent=218"}],"curies":[{"name":"wp","href":"https:\/\/api.w.org\/{rel}","templated":true}]}}